 l be 4/(-14) + (-380)/(-7). What is the highest common divisor of l and m?
9
Let r(o) = -o**3 - 4*o**2 + 3*o. Let u be r(-5). Suppose -2*n + 165 = -5*s, 4*n - 370 = -n + 4*s. Calculate the greatest common factor of u and n.
10
Suppose -4*d = -0*d. Suppose d = 2*v + 45 + 159. Let l be (-4)/(-18) - v/27. What is the greatest common factor of l and 28?
4
Let c be -8 - (0 + 0/1). Let w(a) = a**3 + 8*a**2 - a - 3. Let f be w(c). Let j = 9 - f. What is the greatest common divisor of 40 and j?
4
Suppose 1223 + 19 = 6*k. What is the highest common factor of k and 9?
9
Let g be 4 - (-1 - -62 - 3). Let t be (9 + g)*1/(-1). Calculate the highest common factor of 27 and t.
9
Let s(i) = -112*i**3 + i**2 + i + 1. Let r be s(-1). Let d = -64 + r. Suppose k - 14 = d. What is the highest common divisor of k and 21?
21
Let x be 110/11*(-2)/(-4). Suppose x*t - 102 = -t. Calculate the greatest common factor of t and 51.
17
Suppose 58 - 226 = -j. What is the greatest common factor of 21 and j?
21
Suppose -110*v = -111*v + 7. Let f be 4 + (1 - (-2 + 0)). Calculate the greatest common factor of f and v.
7
Let o = -60 + 67. Suppose -3 = 2*l + o, 0 = -3*v - 5*l + 458. What is the greatest common factor of 23 and v?
23
Suppose -3*s + 15 = 5*q, 4*q = 4*s - 7 - 45. Let g(w) = -2*w**3 - 4*w**2 - w - 1. Let y be g(-3). What is the greatest common divisor of s and y?
10
Suppose v = 6*v. Let h be 11 + 1 - v/(-2). Suppose -3*b + 42 = h. Calculate the highest common factor of 5 and b.
5
Suppose 0 = -2*w + 58 - 22. Let q be 4/w + 1634/18. Calculate the highest common divisor of q and 13.
13
Let d = 0 + 15. Suppose -h + 25 + 5 = 0. What is the greatest common factor of h and d?
15
Let i(h) = 11*h + 1. Let p be i(-3). Let l = -20 - p. Let b(d) = 9*d + 3. Let u be b(9). Calculate the greatest common divisor of u and l.
12
Suppose -5*h + 0*t = 3*t - 60, -h - 2*t = -19. Let f(l) = 3*l**2 - 2*l - 4. Let k be f(h). What is the highest common factor of 17 and k?
17
Suppose 120 = 3*y - 4*p - 276, 4*p = y - 140. What is the greatest common factor of y and 12?
4
Suppose -5*t - 20 = -4*i, -20 = -0*t - 5*t - 4*i. Let p = 2 - t. Let n be (-3 - (-14)/p)*5. Calculate the greatest common factor of n and 40.
20
Let f be 3 + (-230)/70 - 1661/(-7). Calculate the greatest common divisor of f and 158.
79
Let k(w) = w**2 - 7*w + 12. Let s be k(4). Suppose 10*r - r - 288 = s. Calculate the greatest common factor of 48 and r.
16
Let f = -1893 + 3853. What is the highest common divisor of f and 40?
40
Let y be -9 + (-5762)/(-10) - (-2)/(-10). What is the greatest common factor of y and 7?
7
Let h = -83 - -268. Let g(i) = i + 7. Let n be g(-5). Suppose 3*c + l = h, 43 = n*c - c + 5*l. Calculate the highest common factor of c and 7.
7
Suppose 4*c + 991 = 5*i, 3*c + 0*c + 792 = 4*i. What is the highest common divisor of 30 and i?
15
Suppose 2*w + 18 = -2*a, -13 = 2*w - w - a. Let x(v) = v + 14. Let d be x(w). What is the highest common divisor of 9 and d?
3
Suppose 5*c = 5*l - 90, 0 = l - 2*c - 29 + 7. What is the highest common divisor of 518 and l?
14
Let l = -650 - -1244. What is the highest common factor of l and 90?
18
Let s(u) = 7*u - 9. Let d be s(2). Suppose 443 = 4*k + 4*y - y, -d*k - 4*y = -554. Calculate the greatest common divisor of k and 10.
10
Let o = 3 - -5. Let y = 14 - o. Let a be ((-25)/2)/((-3)/y). Calculate the highest common divisor of a and 5.
5
Suppose 5*h - 2*h - 18 = 0. Suppose -10*n = -h*n - 660. Let f = -41 + n. Calculate the greatest common factor of 31 and f.
31
Suppose -4*u - 1 = -65. Suppose -2*p + u = 2*q, -2*p = -2*q + 6*q - 26. Let i = p + 9. Calculate the greatest common divisor of 12 and i.
12
Suppose 0 = u - 14 - 10. Suppose 3*g = 5*g - u. Suppose 0 = -4*i + 2*h + 268 + 168, i + h = 106. What is the highest common divisor of i and g?
12
Let y be (-348)/(-406) - (-869)/7. What is the greatest common divisor of y and 100?
25
Let r = -11 + 13. Let n be 9 + 1 - r - 2. Calculate the highest common divisor of n and 54.
6
Suppose -5*u = -3*u + 284. Let g = -128 - u. Calculate the highest common divisor of 4 and g.
2
Let q = 78 + -74. Calculate the highest common factor of 148 and q.
4
Let c be (((-1938)/(-4))/19)/(3/8). Calculate the greatest common factor of c and 476.
68
Let y = -250 - -310. Calculate the highest common divisor of 210 and y.
30
Suppose -h + 5*h = -2*x + 1608, -3*h + 4*x + 1217 = 0. Calculate the greatest common factor of 13 and h.
13
Let q = 181 + 722. Calculate the greatest common divisor of q and 21.
21
Suppose 0 = 8*q - q - 28. Suppose -d = -q*d + 384. Calculate the greatest common divisor of 16 and d.
16
Let z be 2 + -2 + 14/2 + 345. What is the highest common factor of z and 22?
22
Let j = -37 - -42. Let s be (3/j - -1)*10. What is the greatest common factor of s and 80?
16
Let j = 1705 - 1270. What is the highest common factor of j and 580?
145
Let m = 53 + -35. Suppose -8*c + 111 - 39 = 0. Calculate the greatest common divisor of m and c.
9
Let u(s) = -9 - 7*s + 8 - 6 + 3*s**2. Let a be u(-6). Suppose r + 24 = 2*p, 3*r - 32 = -2*p - 0*r. What is the highest common factor of p and a?
13
Suppose -5*f = -0*f - 4*d + 35, -4*f = -5*d + 28. Let v = f - -18. Let u = v + 25. What is the highest common factor of u and 4?
4
Let f = 87 + -52. Suppose -33*h - 10 = -f*h. What is the greatest common divisor of 15 and h?
5
Let l be (1/(-1))/(-1 - (-32)/34). Suppose -l*b + 86 = -169. Calculate the highest common divisor of 25 and b.
5
Suppose 4*x = -0*x + 4. Let l be 19 + -9 + (-1)/x. What is the highest common divisor of 72 and l?
9
Let a(s) = s**2 + 5*s - 47. Let z be a(-11). Let q = z - -13. What is the greatest common factor of q and 40?
8
Let s(v) = -2*v**2 + 7*v + 430. Let w be s(-13). Let f be 10*(-2)/(-8)*-2. Let r = f + 9. What is the greatest common divisor of w and r?
1
Let r be 11 - -19 - 12 - -3. Let y = 443 + -212. Calculate the highest common factor of r and y.
21
Let g be (7/(-21))/(4/(-48)). What is the highest common factor of g and 14?
2
Let i be 4/(-6) + (-48)/(-18). Suppose -8 = i*p - 0. Let x be (34 - -1)*p/(-10). Calculate the greatest common divisor of 28 and x.
14
Let z = 81 - 69. Let l be 460/6 - (-4)/z. What is the highest common divisor of 11 and l?
11
Let a = 195 - 114. Suppose -4*j + 2*f = 6*f - 104, -f = -3*j + 90. Let g = -20 + j. Calculate the highest common divisor of g and a.
9
Suppose z - 784 = 116. Suppose -z = -8*n + 3*n. Suppose -b = 4*q, 0 = 2*b + 2*q - 35 + 5. What is the greatest common divisor of b and n?
20
Let x(r) = r**3 + 10*r**2 - 2*r - 1. Let f be x(-10). Calculate the highest common divisor of 133 and f.
19
Suppose -2*i = 4*b - 54, -5*b + 2*i + 19 = -62. Let r = -21 + b. Let j = -3 - r. Calculate the greatest common divisor of 3 and j.
3
Let w(d) = 2*d - 4. Let g be w(8). Calculate the greatest common factor of g and 204.
12
Suppose -3*t - 12 = -6*t. Suppose 0 = 4*s - 2*f - 3630, 5*s - 4149 = 3*f + 387. Suppose -t*k + s = -243. Calculate the greatest common factor of k and 32.
32
Suppose -3*t - 263 = -4*p, 0 = 2*p + t + t - 128. Suppose -2*v = -12 + 46. Let z = 30 + v. What is the highest common divisor of z and p?
13
Suppose v - 7*w = -10*w + 446, 2*v - 2*w = 868. What is the highest common factor of v and 19?
19
Let q(x) = x**3 - 10*x**2 - 12*x + 188. Let b be q(10). Calculate the greatest common factor of 340 and b.
68
Let t be (5 - 2) + (86 - -19). Calculate the highest common factor of 8 and t.
4
Suppose 288*l - 274*l - 1526 = 0. Calculate the highest common factor of l and 545.
109
Suppose 668 = -3*n + 5*n + 4*w, -3*w = n - 331. Calculate the greatest common factor of n and 272.
68
Let o be 22/3*4914/39. Calculate the highest common divisor of 14 and o.
14
Suppose -211 = -2*r - 59. Suppose 3*a + a - 20 = -v, 2*v - r = a. Calculate the greatest common factor of 36 and v.
36
Let b(n) = -n**2 - 8*n + 13. Let f be b(-7). Let v = f - -10. Calculate the highest common divisor of v and 12.
6
Suppose 0 = 2*c - 4 + 14. Let u be 11*-1*(-5 - (c + 1)). What is the highest common factor of u and 99?
11
Suppose -644 = -2*h - 12*h. What is the greatest common factor of h and 782?
46
Suppose 2*j = -16 + 42. Suppose -125 = -5*p + 3*m, 2*p + 4*m - j - 11 = 0. Calculate the greatest common factor of p and 154.
22
Let a be 4